{"id":5686,"date":"2026-03-31T17:50:07","date_gmt":"2026-03-31T15:50:07","guid":{"rendered":"https:\/\/divokehusy.cz\/?page_id=5686"},"modified":"2026-04-05T23:04:29","modified_gmt":"2026-04-05T21:04:29","slug":"vyrocni-zpravy","status":"publish","type":"page","link":"https:\/\/divokehusy.cz\/vyrocni-zpravy\/","title":{"rendered":"V\u00fdro\u010dn\u00ed zpr\u00e1vy"},"content":{"rendered":"\n<div class=\"gbp-section gb-element-ceb2aeaf\"><div class=\"gb-container gb-container-0be6146d\">\n<div class=\"gb-container gb-container-fab78e7d\"><div class=\"gb-inside-container\">\n\n<h1 class=\"gb-headline gb-headline-2c369ad3 gb-headline-text\">V\u00fdro\u010dn\u00ed zpr\u00e1vy<\/h1>\n\n<\/div><\/div>\n\n<div class=\"gb-container gb-container-97ddc147\"><div class=\"gb-inside-container\">\n\n<img loading=\"lazy\" decoding=\"async\" width=\"1190\" height=\"841\" class=\"gb-media-81f068f8\" alt=\"\" title=\"postak\" src=\"https:\/\/divokehusy.cz\/wp-content\/uploads\/2026\/03\/postak.svg\"\/>\n\n<\/div><\/div>\n<\/div>\n\n\n<div class=\"gbp-section__inner gb-element-b8587ffb\">\n<h2 class=\"wp-block-heading\">2024 &#8211; 2017<\/h2>\n\n\n\n<div class=\"gbp-section__inner gb-element-1a097350\">\n<div class=\"gb-element-d9b4652b\">\n<p class=\"gb-text gbp-card__meta-text\">PDF<\/p>\n\n\n\n<h3 class=\"gb-text gbp-card__title\">V\u00fdro\u010dn\u00ed zpr\u00e1va NDH 2024<\/h3>\n\n\n\n<div class=\"gb-element-98104a55\">\n<a class=\"gb-button gb-button-c2999ccc gb-button-text\" href=\"https:\/\/divokehusy.cz\/wp-content\/uploads\/2026\/03\/Vyrocni_zprava_2024.pdf\" target=\"_blank\" rel=\"noopener noreferrer\">St\u00e1hnout<\/a>\n<\/div>\n<\/div>\n\n\n\n<div class=\"gb-element-32e6669e\">\n<p class=\"gb-text gbp-card__meta-text\">PDF<\/p>\n\n\n\n<h3 class=\"gb-text gbp-card__title\">V\u00fdro\u010dn\u00ed zpr\u00e1va NDH 2023<\/h3>\n\n\n\n<div class=\"gb-element-a9a1f64f\">\n<a class=\"gb-button gb-button-780dec72 gb-button-text\" href=\"https:\/\/divokehusy.cz\/wp-content\/uploads\/2026\/03\/Vyrocni_zprava_2023.pdf\" target=\"_blank\" rel=\"noopener noreferrer\">St\u00e1hnout<\/a>\n<\/div>\n<\/div>\n\n\n\n<div class=\"gb-element-3652c44a\">\n<p class=\"gb-text gbp-card__meta-text\">PDF<\/p>\n\n\n\n<h3 class=\"gb-text gbp-card__title\">V\u00fdro\u010dn\u00ed zpr\u00e1va NDH 2022<\/h3>\n\n\n\n<div class=\"gb-element-4a7405b4\">\n<a class=\"gb-button gb-button-a1e18a7b gb-button-text\" href=\"https:\/\/divokehusy.cz\/wp-content\/uploads\/2026\/03\/Vyrocni_zprava_2022.pdf\" target=\"_blank\" rel=\"noopener noreferrer\">St\u00e1hnout<\/a>\n<\/div>\n<\/div>\n\n\n\n<div class=\"gb-element-2951555d\">\n<p class=\"gb-text gbp-card__meta-text\">PDF<\/p>\n\n\n\n<h3 class=\"gb-text gbp-card__title\">V\u00fdro\u010dn\u00ed zpr\u00e1va NDH 2021<\/h3>\n\n\n\n<div class=\"gb-element-e85e9bdb\">\n<a class=\"gb-button gb-button-d2e27b13 gb-button-text\" href=\"https:\/\/divokehusy.cz\/wp-content\/uploads\/2026\/03\/Vyrocni_zprava_2021.pdf\" target=\"_blank\" rel=\"noopener noreferrer\">St\u00e1hnout<\/a>\n<\/div>\n<\/div>\n\n\n\n<div class=\"gb-element-ed841e51\">\n<p class=\"gb-text gbp-card__meta-text\">PDF<\/p>\n\n\n\n<h3 class=\"gb-text gbp-card__title\">V\u00fdro\u010dn\u00ed zpr\u00e1va NDH 2020<\/h3>\n\n\n\n<div class=\"gb-element-a0e4eca2\">\n<a class=\"gb-button gb-button-0aec53df gb-button-text\" href=\"https:\/\/divokehusy.cz\/wp-content\/uploads\/2026\/03\/Vyrocni_zprava_2020.pdf\" target=\"_blank\" rel=\"noopener noreferrer\">St\u00e1hnout<\/a>\n<\/div>\n<\/div>\n\n\n\n<div class=\"gb-element-0e0862b5\">\n<p class=\"gb-text gbp-card__meta-text\">PDF<\/p>\n\n\n\n<h3 class=\"gb-text gbp-card__title\">V\u00fdro\u010dn\u00ed zpr\u00e1va NDH 2019<\/h3>\n\n\n\n<div class=\"gb-element-11453296\">\n<a class=\"gb-button gb-button-d9b56a42 gb-button-text\" href=\"https:\/\/divokehusy.cz\/wp-content\/uploads\/2026\/03\/Vyrocni_zprava_2019.pdf\" target=\"_blank\" rel=\"noopener noreferrer\">St\u00e1hnout<\/a>\n<\/div>\n<\/div>\n\n\n\n<div class=\"gb-element-91ea403f\">\n<p class=\"gb-text gbp-card__meta-text\">PDF<\/p>\n\n\n\n<h3 class=\"gb-text gbp-card__title\">V\u00fdro\u010dn\u00ed zpr\u00e1va NDH 2018<\/h3>\n\n\n\n<div class=\"gb-element-82b67789\">\n<a class=\"gb-button gb-button-23303566 gb-button-text\" href=\"https:\/\/divokehusy.cz\/wp-content\/uploads\/2026\/03\/vyrocni_zprava_2018.pdf\" target=\"_blank\" rel=\"noopener noreferrer\">St\u00e1hnout<\/a>\n<\/div>\n<\/div>\n\n\n\n<div class=\"gb-element-d29b756e\">\n<p class=\"gb-text gbp-card__meta-text\">PDF<\/p>\n\n\n\n<h3 class=\"gb-text gbp-card__title\">V\u00fdro\u010dn\u00ed zpr\u00e1va NDH 2017<\/h3>\n\n\n\n<div class=\"gb-element-4e43f139\">\n<a class=\"gb-button gb-button-8dd41703 gb-button-text\" href=\"https:\/\/divokehusy.cz\/wp-content\/uploads\/2026\/03\/vyrocni_zprava_2017.pdf\" target=\"_blank\" rel=\"noopener noreferrer\">St\u00e1hnout<\/a>\n<\/div>\n<\/div>\n<\/div>\n<\/div>\n\n\n\n<div class=\"gbp-section__inner gb-element-2dfb3d18\">\n<h2 class=\"wp-block-heading\">2016 &#8211; 2009<\/h2>\n\n\n\n<div class=\"gbp-section__inner gb-element-e202e9d7\">\n<div class=\"gb-element-1b377a11\">\n<p class=\"gb-text gbp-card__meta-text\">PDF<\/p>\n\n\n\n<h3 class=\"gb-text gbp-card__title\">V\u00fdro\u010dn\u00ed zpr\u00e1va NDH 2016<\/h3>\n\n\n\n<div class=\"gb-element-b7d98d2c\">\n<a class=\"gb-button gb-button-6e073e98 gb-button-text\" href=\"https:\/\/divokehusy.cz\/wp-content\/uploads\/2026\/03\/Vyrocni_zprava_2016.pdf\" target=\"_blank\" rel=\"noopener noreferrer\">St\u00e1hnout<\/a>\n<\/div>\n<\/div>\n\n\n\n<div class=\"gb-element-2a22af96\">\n<p class=\"gb-text gbp-card__meta-text\">PDF<\/p>\n\n\n\n<h3 class=\"gb-text gbp-card__title\">V\u00fdro\u010dn\u00ed zpr\u00e1va NDH 2015<\/h3>\n\n\n\n<div class=\"gb-element-c550bd0a\">\n<a class=\"gb-button gb-button-f8e0ef3b gb-button-text\" href=\"https:\/\/divokehusy.cz\/wp-content\/uploads\/2026\/03\/vyrocni_zprava_2015.pdf\" target=\"_blank\" rel=\"noopener noreferrer\">St\u00e1hnout<\/a>\n<\/div>\n<\/div>\n\n\n\n<div class=\"gb-element-1658ee11\">\n<p class=\"gb-text gbp-card__meta-text\">PDF<\/p>\n\n\n\n<h3 class=\"gb-text gbp-card__title\">V\u00fdro\u010dn\u00ed zpr\u00e1va NDH 2014<\/h3>\n\n\n\n<div class=\"gb-element-7941a976\">\n<a class=\"gb-button gb-button-2e8473b5 gb-button-text\" href=\"https:\/\/divokehusy.cz\/wp-content\/uploads\/2026\/03\/vyrocni_zprava_2014.pdf\" target=\"_blank\" rel=\"noopener noreferrer\">St\u00e1hnout<\/a>\n<\/div>\n<\/div>\n\n\n\n<div class=\"gb-element-1c80bff0\">\n<p class=\"gb-text gbp-card__meta-text\">PDF<\/p>\n\n\n\n<h3 class=\"gb-text gbp-card__title\">V\u00fdro\u010dn\u00ed zpr\u00e1va NDH 2013<\/h3>\n\n\n\n<div class=\"gb-element-2f121d52\">\n<a class=\"gb-button gb-button-cfa8c240 gb-button-text\" href=\"https:\/\/divokehusy.cz\/wp-content\/uploads\/2026\/03\/vyrocni_zprava_2013.pdf\" target=\"_blank\" rel=\"noopener noreferrer\">St\u00e1hnout<\/a>\n<\/div>\n<\/div>\n\n\n\n<div class=\"gb-element-48d0b32f\">\n<p class=\"gb-text gbp-card__meta-text\">PDF<\/p>\n\n\n\n<h3 class=\"gb-text gbp-card__title\">V\u00fdro\u010dn\u00ed zpr\u00e1va NDH 2012<\/h3>\n\n\n\n<div class=\"gb-element-0eb9c6fb\">\n<a class=\"gb-button gb-button-9ce07d09 gb-button-text\" href=\"https:\/\/divokehusy.cz\/wp-content\/uploads\/2026\/03\/vyrocni_zprava_2012.pdf\" target=\"_blank\" rel=\"noopener noreferrer\">St\u00e1hnout<\/a>\n<\/div>\n<\/div>\n\n\n\n<div class=\"gb-element-a1b1c956\">\n<p class=\"gb-text gbp-card__meta-text\">PDF<\/p>\n\n\n\n<h3 class=\"gb-text gbp-card__title\">V\u00fdro\u010dn\u00ed zpr\u00e1va NDH 2011<\/h3>\n\n\n\n<div class=\"gb-element-2c08b7cd\">\n<a class=\"gb-button gb-button-31558d56 gb-button-text\" href=\"https:\/\/divokehusy.cz\/wp-content\/uploads\/2026\/03\/vyrocni_zprava_2011.pdf\" target=\"_blank\" rel=\"noopener noreferrer\">St\u00e1hnout<\/a>\n<\/div>\n<\/div>\n\n\n\n<div class=\"gb-element-05e07ed6\">\n<p class=\"gb-text gbp-card__meta-text\">PDF<\/p>\n\n\n\n<h3 class=\"gb-text gbp-card__title\">V\u00fdro\u010dn\u00ed zpr\u00e1va NDH 2010<\/h3>\n\n\n\n<div class=\"gb-element-f526701f\">\n<a class=\"gb-button gb-button-75913700 gb-button-text\" href=\"https:\/\/divokehusy.cz\/wp-content\/uploads\/2026\/03\/vyrocni_zprava_2010.pdf\" target=\"_blank\" rel=\"noopener noreferrer\">St\u00e1hnout<\/a>\n<\/div>\n<\/div>\n\n\n\n<div class=\"gb-element-f041f22b\">\n<p class=\"gb-text gbp-card__meta-text\">PDF<\/p>\n\n\n\n<h3 class=\"gb-text gbp-card__title\">V\u00fdro\u010dn\u00ed zpr\u00e1va NDH 2009<\/h3>\n\n\n\n<div class=\"gb-element-cd778fe4\">\n<a class=\"gb-button gb-button-ad81fe4f gb-button-text\" href=\"https:\/\/divokehusy.cz\/wp-content\/uploads\/2026\/03\/vyrocni_zprava_2009.pdf\" target=\"_blank\" rel=\"noopener noreferrer\">St\u00e1hnout<\/a>\n<\/div>\n<\/div>\n<\/div>\n<\/div>\n\n\n\n<div class=\"gbp-section__inner gb-element-bbe7c11f\">\n<h2 class=\"wp-block-heading\">2008 &#8211; 2001<\/h2>\n\n\n\n<div class=\"gbp-section__inner gb-element-d51f20d9\">\n<div class=\"gb-element-aa7ff9c4\">\n<p class=\"gb-text gbp-card__meta-text\">PDF<\/p>\n\n\n\n<h3 class=\"gb-text gbp-card__title\">V\u00fdro\u010dn\u00ed zpr\u00e1va NDH 2008<\/h3>\n\n\n\n<div class=\"gb-element-46729319\">\n<a class=\"gb-button gb-button-1a1ecc70 gb-button-text\" href=\"https:\/\/divokehusy.cz\/wp-content\/uploads\/2026\/03\/vyrocni_zprava_2008.pdf\" target=\"_blank\" rel=\"noopener noreferrer\">St\u00e1hnout<\/a>\n<\/div>\n<\/div>\n\n\n\n<div class=\"gb-element-732d02b3\">\n<p class=\"gb-text gbp-card__meta-text\">PDF<\/p>\n\n\n\n<h3 class=\"gb-text gbp-card__title\">V\u00fdro\u010dn\u00ed zpr\u00e1va NDH 2007<\/h3>\n\n\n\n<div class=\"gb-element-6b4e191c\">\n<a class=\"gb-button gb-button-13e7048d gb-button-text\" href=\"https:\/\/divokehusy.cz\/wp-content\/uploads\/2026\/03\/vyrocni_zprava_2007.pdf\" target=\"_blank\" rel=\"noopener noreferrer\">St\u00e1hnout<\/a>\n<\/div>\n<\/div>\n\n\n\n<div class=\"gb-element-5dbbd00a\">\n<p class=\"gb-text gbp-card__meta-text\">PDF<\/p>\n\n\n\n<h3 class=\"gb-text gbp-card__title\">V\u00fdro\u010dn\u00ed zpr\u00e1va NDH 2006<\/h3>\n\n\n\n<div class=\"gb-element-ac223ea9\">\n<a class=\"gb-button gb-button-2d361a1e gb-button-text\" href=\"https:\/\/divokehusy.cz\/wp-content\/uploads\/2026\/03\/vyrocni_zprava_2006.pdf\" target=\"_blank\" rel=\"noopener noreferrer\">St\u00e1hnout<\/a>\n<\/div>\n<\/div>\n\n\n\n<div class=\"gb-element-072e20d0\">\n<p class=\"gb-text gbp-card__meta-text\">PDF<\/p>\n\n\n\n<h3 class=\"gb-text gbp-card__title\">V\u00fdro\u010dn\u00ed zpr\u00e1va NDH 2005<\/h3>\n\n\n\n<div class=\"gb-element-ee7dd827\">\n<a class=\"gb-button gb-button-fcca4f0d gb-button-text\" href=\"https:\/\/divokehusy.cz\/wp-content\/uploads\/2026\/03\/vyrocni_zprava_2005.pdf\" target=\"_blank\" rel=\"noopener noreferrer\">St\u00e1hnout<\/a>\n<\/div>\n<\/div>\n\n\n\n<div class=\"gb-element-25f4660a\">\n<p class=\"gb-text gbp-card__meta-text\">PDF<\/p>\n\n\n\n<h3 class=\"gb-text gbp-card__title\">V\u00fdro\u010dn\u00ed zpr\u00e1va NDH 2004<\/h3>\n\n\n\n<div class=\"gb-element-e32e4e61\">\n<a class=\"gb-button gb-button-c25d647c gb-button-text\" href=\"https:\/\/divokehusy.cz\/wp-content\/uploads\/2026\/03\/vyrocni_zprava_2004.pdf\" target=\"_blank\" rel=\"noopener noreferrer\">St\u00e1hnout<\/a>\n<\/div>\n<\/div>\n\n\n\n<div class=\"gb-element-c08dd81a\">\n<p class=\"gb-text gbp-card__meta-text\">PDF<\/p>\n\n\n\n<h3 class=\"gb-text gbp-card__title\">V\u00fdro\u010dn\u00ed zpr\u00e1va NDH 2003<\/h3>\n\n\n\n<div class=\"gb-element-1db1773c\">\n<a class=\"gb-button gb-button-4cff2580 gb-button-text\" href=\"https:\/\/divokehusy.cz\/wp-content\/uploads\/2026\/03\/vyrocni_zprava_2003.pdf\" target=\"_blank\" rel=\"noopener noreferrer\">St\u00e1hnout<\/a>\n<\/div>\n<\/div>\n\n\n\n<div class=\"gb-element-8ffcac14\">\n<p class=\"gb-text gbp-card__meta-text\">PDF<\/p>\n\n\n\n<h3 class=\"gb-text gbp-card__title\">V\u00fdro\u010dn\u00ed zpr\u00e1va NDH 2002<\/h3>\n\n\n\n<div class=\"gb-element-477f8dd6\">\n<a class=\"gb-button gb-button-95b9d3a9 gb-button-text\" href=\"https:\/\/divokehusy.cz\/wp-content\/uploads\/2026\/03\/vyrocni_zprava_2002.pdf\" target=\"_blank\" rel=\"noopener noreferrer\">St\u00e1hnout<\/a>\n<\/div>\n<\/div>\n\n\n\n<div class=\"gb-element-38c1d1e7\">\n<p class=\"gb-text gbp-card__meta-text\">PDF<\/p>\n\n\n\n<h3 class=\"gb-text gbp-card__title\">V\u00fdro\u010dn\u00ed zpr\u00e1va NDH 2001<\/h3>\n\n\n\n<div class=\"gb-element-de9c50fd\">\n<a class=\"gb-button gb-button-8d0e35c2 gb-button-text\" href=\"https:\/\/divokehusy.cz\/wp-content\/uploads\/2026\/03\/vyrocni_zprava_2001.pdf\" target=\"_blank\" rel=\"noopener noreferrer\">St\u00e1hnout<\/a>\n<\/div>\n<\/div>\n<\/div>\n<\/div>\n\n\n\n<div class=\"gbp-section__inner gb-element-a26e0b39\">\n<h2 class=\"wp-block-heading\">2000 &#8211; 1998<\/h2>\n\n\n\n<div class=\"gbp-section__inner gb-element-f5b3c4fb\">\n<div class=\"gb-element-95f9c045\">\n<p class=\"gb-text gbp-card__meta-text\">PDF<\/p>\n\n\n\n<h3 class=\"gb-text gbp-card__title\">V\u00fdro\u010dn\u00ed zpr\u00e1va NDH 2000<\/h3>\n\n\n\n<div class=\"gb-element-794daead\">\n<a class=\"gb-button gb-button-34c9ca77 gb-button-text\" href=\"https:\/\/divokehusy.cz\/wp-content\/uploads\/2026\/03\/vyrocni_zprava_2000.pdf\" target=\"_blank\" rel=\"noopener noreferrer\">St\u00e1hnout<\/a>\n<\/div>\n<\/div>\n\n\n\n<div class=\"gb-element-3a80bc83\">\n<p class=\"gb-text gbp-card__meta-text\">PDF<\/p>\n\n\n\n<h3 class=\"gb-text gbp-card__title\">V\u00fdro\u010dn\u00ed zpr\u00e1va NDH 1999<\/h3>\n\n\n\n<div class=\"gb-element-f70b67e9\">\n<a class=\"gb-button gb-button-9d966469 gb-button-text\" href=\"https:\/\/divokehusy.cz\/wp-content\/uploads\/2026\/03\/vyrocni_zprava_1999.pdf\" target=\"_blank\" rel=\"noopener noreferrer\">St\u00e1hnout<\/a>\n<\/div>\n<\/div>\n\n\n\n<div class=\"gb-element-675efeff\">\n<p class=\"gb-text gbp-card__meta-text\">PDF<\/p>\n\n\n\n<h3 class=\"gb-text gbp-card__title\">V\u00fdro\u010dn\u00ed zpr\u00e1va NDH 1998<\/h3>\n\n\n\n<div class=\"gb-element-067b61bc\">\n<a class=\"gb-button gb-button-49c0edea gb-button-text\" href=\"https:\/\/divokehusy.cz\/wp-content\/uploads\/2026\/03\/vyrocni_zprava_1998.pdf\" target=\"_blank\" rel=\"noopener noreferrer\">St\u00e1hnout<\/a>\n<\/div>\n<\/div>\n<\/div>\n<\/div>\n<\/div>\n","protected":false},"excerpt":{"rendered":"<p>V\u00fdro\u010dn\u00ed zpr\u00e1vy 2024 &#8211; 2017 PDF V\u00fdro\u010dn\u00ed zpr\u00e1va NDH 2024 PDF V\u00fdro\u010dn\u00ed zpr\u00e1va NDH 2023 PDF V\u00fdro\u010dn\u00ed zpr\u00e1va NDH 2022 PDF V\u00fdro\u010dn\u00ed zpr\u00e1va NDH 2021 PDF V\u00fdro\u010dn\u00ed zpr\u00e1va NDH 2020 PDF V\u00fdro\u010dn\u00ed zpr\u00e1va NDH 2019 PDF V\u00fdro\u010dn\u00ed zpr\u00e1va NDH 2018 PDF V\u00fdro\u010dn\u00ed zpr\u00e1va NDH 2017 2016 &#8211; 2009 PDF V\u00fdro\u010dn\u00ed zpr\u00e1va NDH 2016 PDF V\u00fdro\u010dn\u00ed &#8230; <a title=\"V\u00fdro\u010dn\u00ed zpr\u00e1vy\" class=\"read-more\" href=\"https:\/\/divokehusy.cz\/vyrocni-zpravy\/\" aria-label=\"\u010c\u00edst v\u00edce o V\u00fdro\u010dn\u00ed zpr\u00e1vy\">Read more<\/a><\/p>\n","protected":false},"author":1,"featured_media":0,"parent":0,"menu_order":0,"comment_status":"closed","ping_status":"closed","template":"","meta":{"footnotes":""},"class_list":["post-5686","page","type-page","status-publish"],"_links":{"self":[{"href":"https:\/\/divokehusy.cz\/wp-json\/wp\/v2\/pages\/5686","targetHints":{"allow":["GET"]}}],"collection":[{"href":"https:\/\/divokehusy.cz\/wp-json\/wp\/v2\/pages"}],"about":[{"href":"https:\/\/divokehusy.cz\/wp-json\/wp\/v2\/types\/page"}],"author":[{"embeddable":true,"href":"https:\/\/divokehusy.cz\/wp-json\/wp\/v2\/users\/1"}],"replies":[{"embeddable":true,"href":"https:\/\/divokehusy.cz\/wp-json\/wp\/v2\/comments?post=5686"}],"version-history":[{"count":31,"href":"https:\/\/divokehusy.cz\/wp-json\/wp\/v2\/pages\/5686\/revisions"}],"predecessor-version":[{"id":6200,"href":"https:\/\/divokehusy.cz\/wp-json\/wp\/v2\/pages\/5686\/revisions\/6200"}],"wp:attachment":[{"href":"https:\/\/divokehusy.cz\/wp-json\/wp\/v2\/media?parent=5686"}],"curies":[{"name":"wp","href":"https:\/\/api.w.org\/{rel}","templated":true}]}}